 divisor of 2934356216 and 88?
88
What is the highest common factor of 81655545 and 53775?
3585
What is the highest common divisor of 13 and 9125519?
13
Calculate the highest common factor of 29920 and 254848.
352
What is the greatest common factor of 6584 and 68665359?
823
What is the highest common factor of 25296535 and 22?
11
Calculate the greatest common divisor of 69550 and 90910.
10
What is the highest common divisor of 120444210 and 300?
30
Calculate the highest common factor of 8974287 and 13699.
721
Calculate the greatest common factor of 326298 and 12342.
102
Calculate the highest common factor of 113834 and 1189335.
329
What is the greatest common factor of 10788 and 1741200?
12
What is the greatest common factor of 13392698 and 242?
22
What is the greatest common divisor of 5239 and 191673?
31
Calculate the greatest common factor of 1779 and 19804421.
593
Calculate the highest common factor of 18800 and 68240.
80
Calculate the greatest common divisor of 1425 and 1261809.
57
What is the greatest common divisor of 16101817 and 184?
23
What is the greatest common factor of 5441216 and 968?
88
Calculate the highest common divisor of 4741 and 45452.
11
What is the highest common divisor of 47411651 and 2751?
917
What is the greatest common factor of 12879 and 68151375?
4293
Calculate the greatest common divisor of 344325 and 231675.
75
What is the greatest common factor of 57 and 12534?
3
What is the highest common factor of 459 and 175101768?
153
What is the greatest common factor of 70004 and 1675323?
1591
What is the greatest common divisor of 6499504 and 352?
176
Calculate the highest common divisor of 1330830 and 26055.
135
What is the greatest common divisor of 552890 and 1250?
10
Calculate the highest common divisor of 9841513 and 55.
11
Calculate the greatest common divisor of 27499191 and 207.
69
What is the greatest common divisor of 3924094 and 430?
86
Calculate the highest common factor of 466623 and 319422.
417
Calculate the highest common factor of 56505998 and 2722.
2722
Calculate the highest common factor of 267 and 348717.
3
What is the greatest common divisor of 855 and 149?
1
What is the greatest common divisor of 62181767 and 323?
17
What is the highest common divisor of 248794 and 70434?
182
What is the greatest common divisor of 45 and 1199955555?
45
What is the highest common divisor of 464404 and 116?
4
What is the highest common divisor of 28327229 and 10904?
1363
What is the greatest common divisor of 18 and 792827037?
9
Calculate the highest common divisor of 11788371 and 441.
441
What is the greatest common factor of 1925 and 25949?
77
Calculate the highest common factor of 2134541991 and 1263.
1263
What is the greatest common factor of 867703 and 11129?
359
Calculate the greatest common divisor of 23 and 251861822.
23
What is the greatest common divisor of 135 and 2764505?
5
What is the highest common factor of 126644 and 361480?
28
What is the greatest common factor of 189 and 123061383?
27
Calculate the highest common factor of 294375 and 155625.
1875
Calculate the greatest common factor of 204 and 9765996.
12
What is the greatest common factor of 2977499 and 6157?
131
What is the highest common factor of 6112 and 160672?
32
What is the highest common divisor of 840336 and 76272?
336
What is the highest common factor of 2252670 and 13209?
357
Calculate the greatest common factor of 6120 and 32731920.
360
What is the greatest common divisor of 486 and 10579869?
27
Calculate the highest common divisor of 207355 and 365165.
1835
Calculate the highest common factor of 174 and 601866.
174
What is the greatest common divisor of 569752 and 10456?
8
Calculate the greatest common factor of 1380975 and 75.
75
Calculate the greatest common factor of 20020316 and 412.
412
Calculate the greatest common divisor of 94126428 and 62964.
1188
Calculate the highest common divisor of 16 and 92941.
1
What is the greatest common factor of 22 and 321107413?
11
Calculate the greatest common factor of 439758 and 14454.
198
What is the greatest common divisor of 23141 and 132203?
73
Calculate the greatest common divisor of 46 and 24538838.
46
What is the highest common divisor of 87996040 and 605?
605
Calculate the greatest common divisor of 1545 and 1906140.
15
What is the greatest common factor of 38243 and 43587?
167
Calculate the highest common divisor of 6123502 and 9401.
119
Calculate the highest common factor of 340446 and 5175766.
4934
What is the greatest common factor of 29947678 and 6?
2
What is the highest common factor of 111 and 1677579963?
111
Calculate the highest common divisor of 393680 and 1610.
70
Calculate the greatest common factor of 1214 and 1483030.
2
Calculate the highest common factor of 1124260 and 5780.
20
What is the greatest common factor of 1028 and 17402498?
514
Calculate the highest common divisor of 126430104 and 24.
24
What is the greatest common divisor of 8 and 11337640?
8
What is the highest common factor of 110974099 and 18748?
4687
What is the highest common divisor of 2356848 and 612?
36
What is the highest common divisor of 3842 and 166569006?
226
Calculate the greatest common divisor of 3624 and 598715.
151
What is the highest common factor of 202996 and 1026?
38
What is the greatest common divisor of 20394636 and 24?
12
What is the greatest common divisor of 45836 and 84?
28
Calculate the greatest common divisor of 21520368 and 472.
472
What is the greatest common factor of 233609341 and 7?
7
Calculate the greatest common divisor of 89962 and 926218.
62
Calculate the greatest common factor of 4812 and 34471965.
1203
Calculate the highest common factor of 197150 and 23350.
50
What is the greatest common divisor of 1600 and 1945280?
320
What is the highest common factor of 28775 and 5825?
25
What is the greatest common divisor of 6443 and 517191?
17
Calculate the greatest common factor of 241296 and 63888.
528
Calculate the highest common divisor of 3540 and 24078195.
885
Calculate the greatest common factor of 12716 and 29911211.
3179
What is the highest common factor of 1218071168 and 69?
23
Calculate the highest common factor of 6303934 and 273.
91
Calculate the greatest common factor of 1339569 and 297.
99
Calculate the highest common factor of 20769 and 17283189.
483
What is the greatest common divisor of 32 and 12363992?
8
Calculate the greatest common factor of 954 and 870102.
18
What is the greatest common factor of 238512 and 36336?
48
Calculate the highest common factor of 992 and 438422584.
248
Calculate the greatest common divisor of 85736800 and 24.
8
What is the greatest common factor of 47 and 3519736?
47
What is the highest common factor of 554 and 231597484?
554
What is the highest common divisor of 3188198 and 4042?
94
What is the highest common divisor of 348 and 31979199?
87
Calculate the greatest common divisor of 90 and 1764889.
1
What is the highest common factor of 1039546 and 14758?
94
What is the highest common divisor of 77 and 17437717?
11
Calculate the greatest common factor of 3379 and 721413121.
3379
Calculate the greatest common factor of 3211924 and 232.
116
What is the greatest common divisor of 7623 and 8433733?
77
What is the greatest common factor of 241383968 and 224?
224
Calculate the highest common divisor of 52746 and 116.
2
What is the highest common divisor of 20888 and 74579112?
2984
Calculate the greatest common factor of 125902 and 27853.
161
What is the greatest common divisor of 213985455 and 45?
15
Calculate the greatest common divisor of 8 and 2467268.
4
What is the highest common factor of 68890 and 5620?
10
Calculate the greatest common divisor of 4218256 and 24.
8
What is the highest common divisor of 225219 and 5994?
111
What is the highest common factor of 5635155604 and 4394?
4394
Calculate the highest common factor of 46362694 and 98.
14
Calculate the highest common divisor of 3700529 and 637.
49
Calculate the highest common divisor of 799 and 1067887.
47
Calculate the greatest common factor of 41140 and 425535.
55
Calculate the highest common divisor of 80 and 45773760.
80
Calculate the greatest common factor of 34464 and 186.
6
What is the highest common factor of 392 and 44861852?
196
Calculate the greatest common divisor of